2*v - 289, 5*m - 5*v - 145 = 150. What are the prime factors of m?
3, 19
Suppose 4356 = 2*z - 3*u, 1136 = z - 5*u - 1049. List the prime factors of z.
3, 5, 29
Let x = 1162 - 611. What are the prime factors of x?
19, 29
Suppose 0 = -3*z - 2*z + 10. Let d be (-3 - 5)/4 + 5. Suppose -3*s + 3 = d*q, -4*q + z = 3*s - 0*q. What are the prime factors of s?
2
Let j be 2/(-7) - 1065/21. Let l(g) = -42*g - 51. Let w be l(-3). Let f = j + w. List the prime factors of f.
2, 3
Let i = 1139 + 1568. What are the prime factors of i?
2707
Let f(x) be the second derivative of 0 + 2*x**2 + 0*x**3 + 2/3*x**4 + 1/20*x**5 - x. List the prime factors of f(-8).
2
Let r(q) = 2*q**3 - 56*q**2 - 26*q + 69. List the prime factors of r(30).
3, 107
Let w = -36 - -251. What are the prime factors of w?
5, 43
Let j(s) = s - 1. Let a be j(6). Suppose 4*k = a*b - 4, 4*b = 3*b + k + 1. Suppose b = -2*o - 4*w + 48, -3*o + 40 = -o - 4*w. What are the prime factors of o?
2, 11
Suppose -4*x + 3 + 1 = 0. Let k(q) = 12*q**3 + 1 + 21*q**3 + 4*q**2 - 5*q**2. List the prime factors of k(x).
3, 11
Suppose -4*i - 34 = 10. Let o = i - -9. List the prime factors of (2 - 4)/(o/25).
5
Suppose -128 + 126 = -s. Suppose 41 = n - c, s*c - 158 = -9*n + 5*n. List the prime factors of n.
2, 5
Let s = -68 + 69. Let j(l) = 7*l**2 + 4 - 3 - 2. What are the prime factors of j(s)?
2, 3
Suppose -1936 = -3*b - 2*w, -3*b - 5*w = -0*b - 1933. List the prime factors of b.
2, 17, 19
Suppose 5*p + 5*q + 5 = 0, -3*q = p + 7 + 2. Suppose m + p*m = 204. List the prime factors of m.
3, 17
Let g(r) = r**2 - 5*r + 5. Let u(t) = -11*t**3 - t**2 - 2*t - 1. Let o be u(-1). Let y be (o - 14) + 11*1. List the prime factors of g(y).
29
Let j(d) = d**3 + 16*d**2 + 18*d - 8. Let g be j(-15). Let q = 86 + g. What are the prime factors of q?
3, 11
Let t be ((-24)/10)/(4/(-20)). Suppose 0 = 4*w - 12 - t. What are the prime factors of (5 - w)*(0 + -30)?
2, 3, 5
Let k be 0 - (-4 + 7 + -7). Let i(t) = -t**2 - 9*t + 12. Let s be i(-10). Suppose -s*r + 32 = k*b, 2*b = -2 - 6. What are the prime factors of r?
2, 3
Let p = 27 + -25. Suppose p*r - 25 - 35 = 0. List the prime factors of r.
2, 3, 5
Let l(d) = -3*d - 8. Let f be l(6). Let p be 2/(-4)*(f + 0). Suppose -3*w + p = -8. List the prime factors of w.
7
What are the prime factors of 421 + 0 - -1*7?
2, 107
Suppose -13*f + 47*f = 81396. What are the prime factors of f?
2, 3, 7, 19
Suppose 0 = -2*d - 0*d - g - 2, 3*d + g + 2 = 0. Let p(n) = 2*n + 73. What are the prime factors of p(d)?
73
What are the prime factors of (5104/(-264))/((-4)/366)?
29, 61
Suppose 3*r - 5*r + 4*v + 158 = 0, -3*r + v + 222 = 0. Let u = r - 44. What are the prime factors of u?
29
Let j = -121 + 133. Let x(q) = -q**3 + 13*q**2 - 4*q + 16. What are the prime factors of x(j)?
2, 7
Suppose 12*n - 22 = 2. Let o = n + 38. List the prime factors of o.
2, 5
Let q(i) be the second derivative of -4*i**3/3 - 21*i**2/2 + 7*i. List the prime factors of q(-6).
3
Let b be (10 + -7)/(6/40). What are the prime factors of (72/b)/((-4)/(-120))?
2, 3
What are the prime factors of 2331/6 + (-4)/(-8)?
389
Suppose 0 = 3*k + 3*b - 368 - 232, -8 = 2*b. List the prime factors of k.
2, 3, 17
Suppose -4*n = -x + 232, -n - 652 = -12*x + 9*x. List the prime factors of x.
2, 3
Let l(b) = 31*b**3 + 4*b**2 + 31. List the prime factors of l(5).
2, 2003
What are the prime factors of -3*(19/4)/((-12)/48)?
3, 19
Suppose 19944 = 8*t + 10*t. What are the prime factors of t?
2, 277
Let y be 5 + 0 - (5 - 2). Suppose -5*j - 4*d = -1192, y*d - 716 = -5*j + 2*j. List the prime factors of j.
2, 3, 5
Let o = 9 - -14. Suppose -3*r + 43 = -o. Let z = r + -2. List the prime factors of z.
2, 5
Suppose -13*w = -0*w - 16900. What are the prime factors of w?
2, 5, 13
Let o = -1950 - -2755. Suppose -p + o = 4*p. Suppose 0 = 3*z - p + 50. What are the prime factors of z?
37
Let u = -1739 + 2242. What are the prime factors of u?
503
Suppose 25 = 3*b + 2*b. Suppose 63 = 2*v + z, -b*v + 66 = -3*v + 2*z. What are the prime factors of (-10)/(-4)*192/v?
2
Let o(w) = -w**3 + 7*w**2 + 6*w + 4. Let d be o(8). Let y = d + 12. Suppose j - 42 = -y*j. List the prime factors of j.
2, 3, 7
Let v = 2344 - 1003. List the prime factors of v.
3, 149
Let d(f) = f + 8. Let r be d(0). Let x be ((-4)/(-6))/(r/(-348)). Let y = 59 + x. What are the prime factors of y?
2, 3, 5
Let r = -1647 + 4489. What are the prime factors of r?
2, 7, 29
List the prime factors of (181 + 2)/((-28 - -14)/(-14)).
3, 61
Let d(w) = 8*w**2 + 6*w - 19. What are the prime factors of d(6)?
5, 61
Let u(m) = -m**3 + m**2 + 2*m - 3. Let d be u(2). Let a = d + 3. Suppose 4*h = 3*r - 8*r + 42, -4*h - 8 = a. List the prime factors of r.
2, 5
Let u(w) = w**3 - 2*w**2 + 1. Let o be 2/(-3)*9/6. Let s be u(o). List the prime factors of (3/s)/(21/(-98)).
7
Let b(l) = -l**3 + 8*l**2 - 10*l + 9. Let q be b(6). Suppose i - 155 = -q. Suppose -4*n = -i - 10. List the prime factors of n.
2, 3
Let x(d) be the first derivative of -5*d**2/2 + 37*d + 24. List the prime factors of x(-27).
2, 43
Let y be -5*-1*(-354)/(-15). Suppose 18*w - 20 = 22*w, 5*w - 870 = -5*x. Let u = x - y. List the prime factors of u.
61
List the prime factors of (200/(-8))/(-5) - -1002.
19, 53
Suppose 66*d = 79*d - 19747. List the prime factors of d.
7, 31
Let z be (13/(-2))/((7/6)/(-7)). List the prime factors of (z/(-26))/((-2)/100).
3, 5
Let j(n) = -n**3 - 5*n**2 - n - 3. Let g(x) be the second derivative of x**3/6 - 11*x**2/2 + 4*x. Let z be g(6). What are the prime factors of j(z)?
2
Suppose -5*s = 4*w - 4949, w = -5*s - 765 + 5726. List the prime factors of s.
3, 331
Let t(v) = v**3 + v**2 - 2*v + 494. List the prime factors of t(0).
2, 13, 19
Suppose -9*o - 3 = -6*o, -p - 5*o + 987 = 0. List the prime factors of p.
2, 31
Let z = -841 + 3650. List the prime factors of z.
53
Let i be (-32 + -4)*4/6. Let g be 84/i*-2*1. Suppose b + 3*u = 3, 2*b + g*u - 11 = 2*u. List the prime factors of b.
2, 3
Let o(y) = -y**2 - 4*y - 2. Let b be o(-3). List the prime factors of (1/(3/(-120)))/(-1*b).
2, 5
Let f = 623 - 331. List the prime factors of f.
2, 73
Let h(w) = -32*w**2 - w + 3. Let i be h(-2). Let s = i - -282. What are the prime factors of s?
3, 53
Suppose -7*z = -z + 12. Let u be (-15 - z)*(3 - 4). Suppose -r - 2 = 0, -x = -2*r - 2*r - u. List the prime factors of x.
5
Suppose 16 = 3*r - 7*r. Let k(v) = -2*v + 8. Let b be k(6). What are the prime factors of (r/(b/33))/1?
3, 11
Suppose -5*v = -3*v - 2504. List the prime factors of v.
2, 313
List the prime factors of 5554/6 - 4*(-5)/60.
2, 463
Suppose -4*k + 6*o - 3*o = -2063, 5*k + o = 2574. What are the prime factors of k?
5, 103
Let t(c) = -c**3 + 8*c**2 + 11*c - 5. Suppose 4*r - 30 - 6 = 0. What are the prime factors of t(r)?
13
Let t be (-14208)/(-36) + (-2)/(-6). Let a = t + -133. List the prime factors of a.
2, 131
Let p be (-10)/(-15) - (-691)/3. Suppose -6*f - f = -p. What are the prime factors of f?
3, 11
Let y(c) = -c**3 + 14*c**2 + 46*c - 17. What are the prime factors of y(13)?
2, 3, 5
Let k(x) = x**2 - 7*x + 254. What are the prime factors of k(0)?
2, 127
Suppose -2*w - 2*w = 3*o + 813, -5*w + 3*o - 1023 = 0. Let y = w - -292. Suppose -t = -3*t + y. List the prime factors of t.
2, 11
What are the prime factors of 7 + -5 + 7 + 16?
5
Let g = 6 + -32. Let j = g + -790. List the prime factors of 2/(-10) + j/(-30).
3
Let o(v) = -11*v**2 - 7 + v**3 - 2 + 5*v + 6 - 13. What are the prime factors of o(11)?
3, 13
Let g(t) = t + 3. Let a be g(0). Suppose 2*s + 26 = 4*b, a*b - 5*s - 9 = 28. List the prime factors of b.
2
Let z = 314 - -323. What are the prime factors of z?
7, 13
Suppose 1063 = 2*x - 1269. List the prime factors of x.
2, 11, 53
List the prime factors of (6/9)/(12/(-24210)*-5).
269
What are the prime factors of 6/39 + (-24016)/(-52)?
2, 3, 7, 11
Suppose 31*q - 38*q = -7994. List the prime factors of q.
2, 571
Let p(x) be the first derivative of 2*x**2 + 93*x - 8. List the prime factors of p(0).
3, 31
Suppose -w = 5*k - 7985, 1597 = k - 21*w + 22*w. What are the prime factors of k?
1597
Suppose -57 = 4*w - 4*s + 11, 5*w = -4*s - 121. Let o be 32/6*w/(-4). Let a = 43 + o. What are the prime factors of a?
71
Let p be 3*(-1 - 0) - 12106/(-2). What are the prime factors of p/30 + 2/6?
2, 1